hat is the units digit of q(-1)?
3
Suppose 49 = o - 11. Let w = 88 - o. What is the units digit of w?
8
Suppose 3*d - 2*h + 90 = h, -2*h = -5*d - 147. Let x = -17 - d. What is the units digit of x?
2
Let f(m) be the second derivative of 0 - 9/2*m**2 + 3*m + 7/6*m**3 + 1/12*m**4. What is the units digit of f(-9)?
9
Let m be (-5)/2*2/(-1). Let r(z) = -z**3 + 6*z**2 - 2*z - 3. What is the units digit of r(m)?
2
Suppose 5*o - u = o - 17, 3*o + u = -18. Let a be o*(1 + (-2 - -2)). Let t = -1 - a. What is the units digit of t?
4
Let y(q) = -q - 2. Let x = -4 - 6. What is the units digit of y(x)?
8
Suppose 0*h - 195 = -5*h. What is the tens digit of h?
3
Let b = -2 - -2. Suppose -h = -b*h - 36. Suppose h = 4*g + 4*s - 5*s, 60 = 4*g + 5*s. What is the units digit of g?
0
Suppose 0 = 2*v + 3*v - 20. What is the units digit of (-6)/((16/(-6))/v)?
9
Suppose -j + 19 - 6 = 4*f, f - 7 = j. What is the tens digit of (-3)/9 + (-61)/j?
2
Let k(a) = 50*a**2 - a. What is the tens digit of k(1)?
4
Let p(z) = z**2 + z. Let x(k) = -k - 3. Let v be (-13)/3 + 1/3. Let g be x(v). What is the units digit of p(g)?
2
Let x be (-9)/(-3) - (-3 + 9). Let w = x + 30. What is the tens digit of w?
2
Suppose -5*n = -7 - 3. What is the tens digit of (72/(-60))/(n/(-60))?
3
What is the hundreds digit of 141 - (-3 - 0*1/(-2))?
1
Let d be 0/((-1)/(2/(-4))). Let k = d + -4. What is the units digit of k/(-5) - (-3)/15?
1
Suppose 4*u = 2*u. Suppose 0 = -3*h + 4*g - 12, u = 2*h + g + 8. Let f = h + 6. What is the units digit of f?
2
Let l be (2 + -3)*(-4 - -2). Suppose a - 3*w = l*a - 5, 2*a - 2*w - 42 = 0. What is the units digit of a?
7
Suppose q = 64 + 69. What is the tens digit of q?
3
Let f(q) be the first derivative of q**3/3 - 7*q**2/2 - 9*q - 3. Let p be f(8). Let y = p + 8. What is the units digit of y?
7
Let v(p) = 2*p**2 - 7*p - 8. Suppose 4*a - 4*g = 5 + 15, 5*g = -3*a + 23. What is the units digit of v(a)?
2
Let c(o) = 6*o - 3. Let g be c(3). Suppose -g = -2*a - 2*m - 5, -3*a + m + 31 = 0. What is the units digit of a?
9
Let b(x) = -281*x - 1. Let y be b(-1). What is the tens digit of 2/(-10) + y/25?
1
Suppose -5*i + 0*i = 4*k - 141, 109 = 5*i - 4*k. What is the units digit of i?
5
Let c be 2*(0 + 3)/6. Let o = 6 - c. What is the units digit of o?
5
Let v = 761 - 537. What is the units digit of v?
4
Let l(c) = -c**2 + c + 5. Let u be l(0). Suppose -u*i + 18 = -72. What is the units digit of i?
8
Let y(q) = -6*q**2 + 2*q - 4 + 1 + q**3 + 1 + 3. What is the tens digit of y(6)?
1
Let w = -3 + 1. What is the units digit of 1 - (0 - w) - -5?
4
Let h be 4/2*(-8)/(-2). Suppose h = 2*r - 0*r. Suppose -u - r = -3*u. What is the units digit of u?
2
Let d(r) = -68*r + 25. What is the hundreds digit of d(-4)?
2
Let j(f) = -f**3 + f**2 - 12*f + 2. Let p(n) = -n**3 - 11*n + 1. Let w(b) = 6*j(b) - 7*p(b). What is the units digit of w(-5)?
5
Suppose -5*o + o + 12 = 0. Let i(c) = -o - 3*c - c - 2*c**2 + 3*c**2. What is the units digit of i(6)?
9
Suppose 4*o = f - 131, -o - 30 = 2*f - 5*f. Let j be (-1 + 0)/(3/o). Suppose j = g - 12. What is the tens digit of g?
2
Let u = 11 + -7. Suppose -3*y - 7*c + 2*c = -97, 133 = 3*y - u*c. What is the units digit of y?
9
Let p = 51 - 23. Suppose -p - 26 = -3*s. What is the tens digit of s?
1
Suppose 2*b + 32 = -j + 6*b, 0 = 5*j - b + 179. Let o = j + 50. What is the units digit of o?
4
Let y = 3 - 2. Let b be 15 - 0 - y*-2. Suppose 0*c + 4*c = -5*u + b, -3*c = 4*u - 12. What is the units digit of c?
8
Let p = -109 + 153. What is the units digit of p?
4
Suppose -184 = -6*r - 2*r. What is the tens digit of r?
2
Let a be (-8)/(-4) - 3/(-1). Suppose 4*z - 8 = 5*w - 0*w, -w - 10 = -a*z. Suppose -3*s - 8 = -4*y - 3, 15 = y + z*s. What is the units digit of y?
5
Suppose 4*z + 0*z + 29 = g, 2*z = -g + 35. What is the units digit of g?
3
Suppose 4*w - 34 = -4*b + 138, -3*b + w + 133 = 0. Let s = b + -18. What is the tens digit of s?
2
Let c(k) = -2*k**2 - 2*k - 1. Let w be c(3). Suppose -2*h - 80 = 3*h. Let j = h - w. What is the units digit of j?
9
Suppose -42 = -2*i + 16. What is the tens digit of i?
2
Let d = 6 + -10. Let r(x) = -x - 1. Let a be r(d). Suppose -2*i = -a*h - 21 - 17, 0 = 2*i + h - 22. What is the units digit of i?
3
Let y(x) = 7*x - 13. Suppose -4*i - i - 33 = -2*a, 2*a - 21 = i. What is the tens digit of y(a)?
5
Let l = 12 + -5. Suppose v + y = 17, -2*y + l = v + y. Suppose 4*b - 2*j - v = 10, -b = 5*j + 3. What is the units digit of b?
7
Let k(n) = -2*n**2 - 2*n. Let c be k(-2). What is the units digit of (c/10)/((-2)/80)?
6
What is the units digit of ((-8)/10 - 0)/(10/(-175))?
4
Let o(f) = f**3 - 4*f**2 - 2*f - 6. Let u be o(5). Suppose -4*j = -u*j + 185. Suppose 3*y - 3*q + j = 5*y, -9 = y - 4*q. What is the units digit of y?
1
Let d(u) = 6*u - 3. Let g be d(7). Let c = 55 - g. What is the units digit of c?
6
Let a(h) = h - 7. Let p be a(10). Let l(s) = 2*s**2 - 4*s. What is the units digit of l(p)?
6
Let x(v) = -v**3 + 8*v**2 - 6*v + 8. Let r be x(6). Suppose -12 = 4*w - r. Let i = -3 + w. What is the units digit of i?
5
Suppose -2*y + 0*y + 40 = 0. Suppose h = -2*o - 3*h + y, -3*h = 3. What is the units digit of o?
2
Let n = 0 - -2. Let g(p) = 7 + 7*p**2 - 3*p**2 - p**3 - n. What is the units digit of g(4)?
5
Suppose t + t = 36. Suppose -5*k + 12 + t = 0. What is the units digit of k?
6
Let x be 5/(-5)*(-12 - 2). Let k be (-10)/5 + x/2. Let p = 2 + k. What is the units digit of p?
7
Let u(r) = -r**2 + 8*r. Let i be u(7). Suppose -3*b = 1 - i. What is the units digit of b?
2
Suppose 0 = 2*w - 4, 3*j + 2*w + 16 = 59. What is the tens digit of j?
1
Suppose 5*m - 45 = b, -9 - 29 = b + 2*m. Let z = 57 + b. What is the tens digit of z?
1
Suppose x = 5*w + 4 + 4, 3*w - 5*x + 18 = 0. Let c be w/(1*3/(-9)). Let k = c + 3. What is the units digit of k?
6
Let q = 0 - -3. Let t(n) = q - n + 4 - 1. What is the units digit of t(-8)?
4
Let a(g) = 3*g**2 + g - 3*g - 2 - 2*g**2. Let r(t) = -t + 2. Let w be r(-2). What is the units digit of a(w)?
6
Let t(n) = -n + 7. Let b be t(5). Suppose i - 10 = -3*l, -3*i + b*l = 2*i - 101. What is the tens digit of i?
1
Let x(i) = 2*i**2 - 6*i - 7. What is the tens digit of x(6)?
2
Let m be 3 + 3*(-4)/(-6). Suppose m*g + 115 = -0*g. Let z = g + 38. What is the tens digit of z?
1
Let h(w) be the second derivative of w**5/20 - w**4/6 - w**2 + w. Let p be h(3). Let r = p + -5. What is the units digit of r?
2
Let g(s) = -s**3 + s**2 + 2. Let j be g(0). Let w = -5 + j. Let x(u) = u**2 + 4*u + 4. What is the units digit of x(w)?
1
Suppose 4*k = 5*m - 9, 0 = 3*m - 15. Suppose l = -3*o + 38, k*o + l - 42 = 4*l. What is the tens digit of o?
1
Let d = -23 - -8. What is the tens digit of (-1 + 6)*(-72)/d?
2
Let t be (-12)/(-9) + (-1)/3. Let d be -1 + (-9)/t - 0. What is the units digit of (-20)/3*12/d?
8
Let j(p) = p**2 + 7*p + 3. Let r(x) be the third derivative of -x**4/8 + x**3/3 + x**2. Let o be r(3). What is the units digit of j(o)?
3
Suppose -3*x + 6*x = 0. Suppose x = -2*g + 59 - 5. What is the tens digit of g?
2
Let w = 17 + -16. What is the units digit of (-55 + 2)/(w + -2)?
3
Suppose 2*a = 4*s - 246, -2*s - 2*a - 63 = -3*s. Let x = -19 + s. What is the units digit of x?
2
Let z(i) = i**3 + 11*i**2 - 5*i - 24. What is the units digit of z(-9)?
3
Suppose -61 = 3*j - 4*j. What is the tens digit of j?
6
Let q(n) be the first derivative of -2*n**3/3 + n**2 + 3*n + 1. Let l be q(3). Let k = 14 + l. What is the units digit of k?
5
Let i be (-4)/(-22) + (-141)/(-11). Let q be i/(-1) + (-5 - -4). What is the units digit of (-4)/q - 12/(-7)?
2
Suppose 4*b - 2*m + 2 = 0, -4*b + 7*m = 2*m + 17. Let i = 6 - b. What is the units digit of i?
4
Suppose -3*y + 174 = -0*y. What is the units digit of y?
8
Let p(v) = -v**2 - 7*v - 6. Let c be p(-6). Suppose -f + 28 = -c*f. What is the tens digit of f?
2
Let q = 116 + -162. What is the units digit of q/(-5) + (-2)/10?
9
Suppose -4*i + 592 = -4*w, 3*i - 2*w - 454 = 3*w. Suppose -4*h + 104 = -0*t - 5*t, 5*h = 3*t + i. What is the units digit of h?
1
Suppose 10*b + 30 = 520. What is the tens digit of b?
4
Suppose 0 = -12*n + 10*n + 4. What is the units digit of n?
2
Suppose z = 4*z - 234. What is the tens digit of z?
7
Suppose -4*y + 25 = k, 0*y - k + 13 = 2*y. Suppose 102 = -0*r + y*r